Last updated on 2020-12-04 00:48:33 CET.
Flavor | Version | Tinstall | Tcheck | Ttotal | Status | Flags |
---|---|---|---|---|---|---|
r-devel-linux-x86_64-debian-clang | 1.0 | 22.34 | 31.47 | 53.81 | NOTE | |
r-devel-linux-x86_64-debian-gcc | 1.0 | 14.41 | 25.02 | 39.43 | NOTE | |
r-devel-linux-x86_64-fedora-clang | 1.0 | 82.10 | NOTE | |||
r-devel-linux-x86_64-fedora-gcc | 1.0 | 63.32 | NOTE | |||
r-devel-windows-ix86+x86_64 | 1.0 | 53.00 | 78.00 | 131.00 | NOTE | |
r-patched-linux-x86_64 | 1.0 | 18.51 | 31.02 | 49.53 | NOTE | |
r-patched-solaris-x86 | 1.0 | 89.20 | NOTE | |||
r-release-linux-x86_64 | 1.0 | 18.46 | 30.57 | 49.03 | NOTE | |
r-release-macos-x86_64 | 1.0 | NOTE | ||||
r-release-windows-ix86+x86_64 | 1.0 | 44.00 | 79.00 | 123.00 | NOTE | |
r-oldrel-macos-x86_64 | 1.0 | NOTE | ||||
r-oldrel-windows-ix86+x86_64 | 1.0 | 40.00 | 71.00 | 111.00 | NOTE |
Version: 1.0
Check: for GNU extensions in Makefiles
Result: NOTE
GNU make is a SystemRequirements.
Flavors: r-devel-linux-x86_64-debian-clang, r-devel-linux-x86_64-debian-gcc, r-devel-linux-x86_64-fedora-clang, r-devel-linux-x86_64-fedora-gcc, r-devel-windows-ix86+x86_64, r-patched-linux-x86_64, r-patched-solaris-x86, r-release-linux-x86_64, r-release-macos-x86_64, r-release-windows-ix86+x86_64, r-oldrel-macos-x86_64, r-oldrel-windows-ix86+x86_64