CRAN Package Check Results for Package SWMPrExtension

Last updated on 2020-12-04 00:48:36 CET.

Flavor Version Tinstall Tcheck Ttotal Status Flags
r-devel-linux-x86_64-debian-clang 1.1.6 20.35 162.02 182.37 OK
r-devel-linux-x86_64-debian-gcc 1.1.6 21.93 124.78 146.71 OK
r-devel-linux-x86_64-fedora-clang 1.1.6 242.06 NOTE
r-devel-linux-x86_64-fedora-gcc 1.1.6 224.04 NOTE
r-devel-windows-ix86+x86_64 1.1.6 58.00 230.00 288.00 OK
r-patched-linux-x86_64 1.1.6 15.67 153.29 168.96 OK
r-patched-solaris-x86 1.1.6 349.60 NOTE
r-release-linux-x86_64 1.1.6 15.15 151.47 166.62 OK
r-release-macos-x86_64 1.1.6 NOTE
r-release-windows-ix86+x86_64 1.1.6 41.00 179.00 220.00 OK
r-oldrel-macos-x86_64 1.1.6 NOTE
r-oldrel-windows-ix86+x86_64 1.1.6 48.00 214.00 262.00 OK

Check Details

Version: 1.1.6
Check: dependencies in R code
Result: NOTE
    Namespace in Imports field not imported from: ‘rgeos’
     All declared Imports should be used.
Flavors: r-devel-linux-x86_64-fedora-clang, r-devel-linux-x86_64-fedora-gcc, r-patched-solaris-x86, r-release-macos-x86_64, r-oldrel-macos-x86_64