Last updated on 2020-12-04 00:48:35 CET.
Flavor | Version | Tinstall | Tcheck | Ttotal | Status | Flags |
---|---|---|---|---|---|---|
r-devel-linux-x86_64-debian-clang | 1.0 | 2.57 | 27.31 | 29.88 | NOTE | |
r-devel-linux-x86_64-debian-gcc | 1.0 | 1.75 | 20.87 | 22.62 | NOTE | |
r-devel-linux-x86_64-fedora-clang | 1.0 | 41.74 | NOTE | |||
r-devel-linux-x86_64-fedora-gcc | 1.0 | 31.95 | NOTE | |||
r-devel-windows-ix86+x86_64 | 1.0 | 4.00 | 41.00 | 45.00 | NOTE | |
r-patched-linux-x86_64 | 1.0 | 2.14 | 25.40 | 27.54 | NOTE | |
r-patched-solaris-x86 | 1.0 | 46.40 | NOTE | |||
r-release-linux-x86_64 | 1.0 | 2.44 | 25.26 | 27.70 | NOTE | |
r-release-macos-x86_64 | 1.0 | NOTE | ||||
r-release-windows-ix86+x86_64 | 1.0 | 4.00 | 44.00 | 48.00 | NOTE | |
r-oldrel-macos-x86_64 | 1.0 | NOTE | ||||
r-oldrel-windows-ix86+x86_64 | 1.0 | 3.00 | 39.00 | 42.00 | NOTE |
Version: 1.0
Check: DESCRIPTION meta-information
Result: NOTE
Malformed Description field: should contain one or more complete sentences.
Flavors: r-devel-linux-x86_64-debian-clang, r-devel-linux-x86_64-debian-gcc, r-devel-linux-x86_64-fedora-clang, r-devel-linux-x86_64-fedora-gcc, r-devel-windows-ix86+x86_64, r-patched-linux-x86_64, r-patched-solaris-x86, r-release-linux-x86_64, r-release-macos-x86_64, r-release-windows-ix86+x86_64, r-oldrel-macos-x86_64, r-oldrel-windows-ix86+x86_64
Version: 1.0
Check: R code for possible problems
Result: NOTE
SUE.fitted.values: no visible global function definition for
'model.frame'
SUE.lm: no visible global function definition for 'model.frame'
SUE.lm: no visible global function definition for 'lm'
SUE.lm: no visible global function definition for 'anova'
SUE.residuals: no visible global function definition for 'model.frame'
parameters : para2: no visible global function definition for 'uniroot'
parameters: no visible global function definition for 'optimize'
parameters: no visible global function definition for 'uniroot'
Undefined global functions or variables:
anova lm model.frame optimize uniroot
Consider adding
importFrom("stats", "anova", "lm", "model.frame", "optimize",
"uniroot")
to your NAMESPACE file.
Flavors: r-devel-linux-x86_64-debian-clang, r-devel-linux-x86_64-debian-gcc, r-devel-linux-x86_64-fedora-clang, r-devel-linux-x86_64-fedora-gcc, r-devel-windows-ix86+x86_64, r-patched-linux-x86_64, r-patched-solaris-x86, r-release-linux-x86_64, r-release-macos-x86_64, r-release-windows-ix86+x86_64
Version: 1.0
Check: Rd line widths
Result: NOTE
Rd file 'SUE.lm.Rd':
\examples lines wider than 100 characters:
##We analysis the well known stackloss data by using ordinary linear method and the subsampling method.
##proportion of outliers in the data. The subsample size is chosen to be the default size of ns = 11.
plot(SUE.fitted.values(a2),SUE.residuals(a2),xlab="(b) fitted values",ylab="residuals",ylim=c(-12,12))
plot(SUE.fitted.values(a3),SUE.residuals(a3),xlab="(c) fitted values",ylab="residuals",ylim=c(-12,12))
These lines will be truncated in the PDF manual.
Flavors: r-devel-linux-x86_64-debian-clang, r-devel-linux-x86_64-debian-gcc, r-devel-linux-x86_64-fedora-clang, r-devel-linux-x86_64-fedora-gcc, r-patched-linux-x86_64, r-release-linux-x86_64
Version: 1.0
Check: R code for possible problems
Result: NOTE
SUE.fitted.values: no visible global function definition for
‘model.frame’
SUE.lm: no visible global function definition for ‘model.frame’
SUE.lm: no visible global function definition for ‘lm’
SUE.lm: no visible global function definition for ‘anova’
SUE.plot: no visible global function definition for ‘plot’
SUE.residuals: no visible global function definition for ‘model.frame’
parameters : para2: no visible global function definition for ‘uniroot’
parameters: no visible global function definition for ‘optimize’
parameters: no visible global function definition for ‘uniroot’
Undefined global functions or variables:
anova lm model.frame optimize plot uniroot
Consider adding
importFrom("graphics", "plot")
importFrom("stats", "anova", "lm", "model.frame", "optimize",
"uniroot")
to your NAMESPACE file.
Flavors: r-oldrel-macos-x86_64, r-oldrel-windows-ix86+x86_64