CRAN Package Check Results for Package STRMPS

Last updated on 2020-12-04 00:48:35 CET.

Flavor Version Tinstall Tcheck Ttotal Status Flags
r-devel-linux-x86_64-debian-clang 0.5.8 36.41 355.32 391.73 NOTE
r-devel-linux-x86_64-debian-gcc 0.5.8 35.46 268.39 303.85 NOTE
r-devel-linux-x86_64-fedora-clang 0.5.8 489.95 NOTE
r-devel-linux-x86_64-fedora-gcc 0.5.8 484.40 NOTE
r-devel-windows-ix86+x86_64 0.5.8 85.00 396.00 481.00 NOTE
r-patched-linux-x86_64 0.5.8 37.60 327.40 365.00 NOTE
r-patched-solaris-x86 0.5.8 660.90 NOTE
r-release-linux-x86_64 0.5.8 35.24 323.13 358.37 NOTE
r-release-macos-x86_64 0.5.8 NOTE
r-release-windows-ix86+x86_64 0.5.8 68.00 409.00 477.00 NOTE
r-oldrel-macos-x86_64 0.5.8 ERROR
r-oldrel-windows-ix86+x86_64 0.5.8 69.00 386.00 455.00 NOTE

Check Details

Version: 0.5.8
Check: package dependencies
Result: NOTE
    Package suggested but not available for checking: 'STRaitRazoR'
Flavors: r-devel-linux-x86_64-debian-clang, r-devel-linux-x86_64-debian-gcc, r-devel-linux-x86_64-fedora-clang, r-devel-linux-x86_64-fedora-gcc, r-devel-windows-ix86+x86_64, r-patched-linux-x86_64, r-patched-solaris-x86, r-release-linux-x86_64, r-release-macos-x86_64, r-release-windows-ix86+x86_64, r-oldrel-macos-x86_64, r-oldrel-windows-ix86+x86_64

Version: 0.5.8
Check: whether package can be installed
Result: ERROR
    Installation failed.
Flavor: r-oldrel-macos-x86_64