Last updated on 2020-12-04 00:48:35 CET.
Flavor | Version | Tinstall | Tcheck | Ttotal | Status | Flags |
---|---|---|---|---|---|---|
r-devel-linux-x86_64-debian-clang | 0.1.0 | 3.29 | 19.41 | 22.70 | OK | |
r-devel-linux-x86_64-debian-gcc | 0.1.0 | 3.06 | 17.58 | 20.64 | OK | |
r-devel-linux-x86_64-fedora-clang | 0.1.0 | 34.48 | NOTE | |||
r-devel-linux-x86_64-fedora-gcc | 0.1.0 | 24.56 | NOTE | |||
r-devel-windows-ix86+x86_64 | 0.1.0 | 7.00 | 35.00 | 42.00 | OK | |
r-patched-linux-x86_64 | 0.1.0 | 2.80 | 19.27 | 22.07 | OK | |
r-patched-solaris-x86 | 0.1.0 | 39.00 | NOTE | |||
r-release-linux-x86_64 | 0.1.0 | 2.29 | 19.63 | 21.92 | OK | |
r-release-macos-x86_64 | 0.1.0 | NOTE | ||||
r-release-windows-ix86+x86_64 | 0.1.0 | 7.00 | 26.00 | 33.00 | OK | |
r-oldrel-macos-x86_64 | 0.1.0 | NOTE | ||||
r-oldrel-windows-ix86+x86_64 | 0.1.0 | 5.00 | 34.00 | 39.00 | OK |
Version: 0.1.0
Check: dependencies in R code
Result: NOTE
Namespaces in Imports field not imported from:
‘Hmisc’ ‘corrgram’ ‘datasets’ ‘dplyr’ ‘psych’ ‘psycho’ ‘rpivotTable’
‘shiny’
All declared Imports should be used.
Flavors: r-devel-linux-x86_64-fedora-clang, r-devel-linux-x86_64-fedora-gcc, r-patched-solaris-x86, r-release-macos-x86_64, r-oldrel-macos-x86_64