CRAN Package Check Results for Package SSHAARP

Last updated on 2020-12-04 00:48:35 CET.

Flavor Version Tinstall Tcheck Ttotal Status Flags
r-devel-linux-x86_64-debian-clang 1.0.1 24.16 117.75 141.91 OK
r-devel-linux-x86_64-debian-gcc 1.0.1 23.73 91.46 115.19 OK
r-devel-linux-x86_64-fedora-clang 1.0.1 186.01 NOTE
r-devel-linux-x86_64-fedora-gcc 1.0.1 168.79 NOTE
r-devel-windows-ix86+x86_64 1.0.1 52.00 148.00 200.00 OK
r-patched-linux-x86_64 1.0.1 18.82 109.32 128.14 OK
r-patched-solaris-x86 1.0.1 273.60 NOTE
r-release-linux-x86_64 1.0.1 17.91 109.12 127.03 OK
r-release-macos-x86_64 1.0.1 NOTE
r-release-windows-ix86+x86_64 1.0.1 42.00 154.00 196.00 OK
r-oldrel-macos-x86_64 1.0.1 NOTE
r-oldrel-windows-ix86+x86_64 1.0.1 52.00 143.00 195.00 OK

Check Details

Version: 1.0.1
Check: dependencies in R code
Result: NOTE
    Namespace in Imports field not imported from: ‘sessioninfo’
     All declared Imports should be used.
Flavors: r-devel-linux-x86_64-fedora-clang, r-devel-linux-x86_64-fedora-gcc, r-patched-solaris-x86, r-release-macos-x86_64, r-oldrel-macos-x86_64