Last updated on 2020-12-04 00:48:35 CET.
Flavor | Version | Tinstall | Tcheck | Ttotal | Status | Flags |
---|---|---|---|---|---|---|
r-devel-linux-x86_64-debian-clang | 1.0.0 | 5.04 | 39.60 | 44.64 | NOTE | |
r-devel-linux-x86_64-debian-gcc | 1.0.0 | 3.59 | 30.38 | 33.97 | NOTE | |
r-devel-linux-x86_64-fedora-clang | 1.0.0 | 58.50 | NOTE | |||
r-devel-linux-x86_64-fedora-gcc | 1.0.0 | 49.90 | NOTE | |||
r-devel-windows-ix86+x86_64 | 1.0.0 | 9.00 | 57.00 | 66.00 | OK | |
r-patched-linux-x86_64 | 1.0.0 | 4.56 | 38.35 | 42.91 | NOTE | |
r-patched-solaris-x86 | 1.0.0 | 70.90 | NOTE | |||
r-release-linux-x86_64 | 1.0.0 | 4.55 | 38.07 | 42.62 | NOTE | |
r-release-macos-x86_64 | 1.0.0 | OK | ||||
r-release-windows-ix86+x86_64 | 1.0.0 | 6.00 | 60.00 | 66.00 | OK | |
r-oldrel-macos-x86_64 | 1.0.0 | OK | ||||
r-oldrel-windows-ix86+x86_64 | 1.0.0 | 7.00 | 56.00 | 63.00 | OK |
Version: 1.0.0
Check: for non-standard things in the check directory
Result: NOTE
Found the following files/directories:
'AlphaGA_3.txt' 'AlphaML_3.txt' 'BetaGA_3.txt' 'BetaML_3.txt'
'Performance_GA_ML_ 3 .pdf' 'SPIGA_3Pmon.Pm_St1.pdf'
'SPIGA_3Pmon.Pm_St2.pdf' 'SPI_AG_3.txt' 'SPI_ML_3.txt'
'SPI_ML_3Pm_St1.pdf' 'SPI_ML_3Pm_St2.pdf' 'SPI_ML_3Pm_St3.pdf'
'SPI_ML_3Pm_St4.pdf' 'SPI_PARAM_3.txt' 'SPI_PARAM_3Pm_St1.pdf'
'SPI_PARAM_3Pm_St2.pdf' 'SPI_PARAM_3Pm_St3.pdf'
'SPI_PARAM_3Pm_St4.pdf'
Flavors: r-devel-linux-x86_64-debian-clang, r-devel-linux-x86_64-debian-gcc, r-devel-linux-x86_64-fedora-clang, r-devel-linux-x86_64-fedora-gcc, r-patched-linux-x86_64, r-patched-solaris-x86, r-release-linux-x86_64