CRAN Package Check Results for Package SPAS

Last updated on 2020-12-04 00:48:34 CET.

Flavor Version Tinstall Tcheck Ttotal Status Flags
r-devel-linux-x86_64-debian-clang 2020.1.1 79.15 95.86 175.01 OK
r-devel-linux-x86_64-debian-gcc 2020.1.1 64.24 76.36 140.60 OK
r-devel-linux-x86_64-fedora-clang 2020.1.1 239.10 NOTE
r-devel-linux-x86_64-fedora-gcc 2020.1.1 226.74 OK
r-devel-windows-ix86+x86_64 2020.1.1 140.00 158.00 298.00 NOTE
r-patched-linux-x86_64 2020.1.1 73.43 90.50 163.93 OK
r-patched-solaris-x86 2020.1.1 230.60 OK
r-release-linux-x86_64 2020.1.1 75.28 91.86 167.14 OK
r-release-macos-x86_64 2020.1.1 NOTE
r-release-windows-ix86+x86_64 2020.1.1 102.00 127.00 229.00 NOTE
r-oldrel-macos-x86_64 2020.1.1 NOTE
r-oldrel-windows-ix86+x86_64 2020.1.1 117.00 147.00 264.00 NOTE

Check Details

Version: 2020.1.1
Check: installed package size
Result: NOTE
     installed size is 18.3Mb
     sub-directories of 1Mb or more:
     libs 17.5Mb
Flavors: r-devel-linux-x86_64-fedora-clang, r-devel-windows-ix86+x86_64, r-release-macos-x86_64, r-release-windows-ix86+x86_64, r-oldrel-macos-x86_64, r-oldrel-windows-ix86+x86_64