CRAN Package Check Results for Package SMARTbayesR

Last updated on 2020-12-04 00:48:34 CET.

Flavor Version Tinstall Tcheck Ttotal Status Flags
r-devel-linux-x86_64-debian-clang 1.0.1 3.01 69.32 72.33 OK
r-devel-linux-x86_64-debian-gcc 1.0.1 2.75 49.05 51.80 OK
r-devel-linux-x86_64-fedora-clang 1.0.1 86.87 OK
r-devel-linux-x86_64-fedora-gcc 1.0.1 79.11 OK
r-devel-windows-ix86+x86_64 1.0.1 6.00 89.00 95.00 OK
r-patched-linux-x86_64 1.0.1 3.60 65.59 69.19 OK
r-patched-solaris-x86 1.0.1 121.70 OK
r-release-linux-x86_64 1.0.1 2.62 65.02 67.64 OK
r-release-macos-x86_64 1.0.1 OK
r-release-windows-ix86+x86_64 1.0.1 6.00 93.00 99.00 OK
r-oldrel-macos-x86_64 1.0.1 ERROR

Check Details

Version: 1.0.1
Check: whether package can be installed
Result: ERROR
    Installation failed.
Flavor: r-oldrel-macos-x86_64