CRAN Package Check Results for Package SIfEK

Last updated on 2020-12-04 00:48:34 CET.

Flavor Version Tinstall Tcheck Ttotal Status Flags
r-devel-linux-x86_64-debian-clang 0.1.0 7.13 53.52 60.65 NOTE
r-devel-linux-x86_64-debian-gcc 0.1.0 4.99 39.93 44.92 NOTE
r-devel-linux-x86_64-fedora-clang 0.1.0 75.44 NOTE
r-devel-linux-x86_64-fedora-gcc 0.1.0 67.47 NOTE
r-devel-windows-ix86+x86_64 0.1.0 9.00 66.00 75.00 OK
r-patched-linux-x86_64 0.1.0 4.82 49.77 54.59 NOTE
r-patched-solaris-x86 0.1.0 88.30 NOTE
r-release-linux-x86_64 0.1.0 5.20 50.65 55.85 NOTE
r-release-macos-x86_64 0.1.0 OK
r-release-windows-ix86+x86_64 0.1.0 8.00 70.00 78.00 OK
r-oldrel-macos-x86_64 0.1.0 OK
r-oldrel-windows-ix86+x86_64 0.1.0 7.00 63.00 70.00 OK

Check Details

Version: 0.1.0
Check: for non-standard things in the check directory
Result: NOTE
    Found the following files/directories:
     'MM.csv' 'Simul.csv' 'catalytic.csv'
Flavors: r-devel-linux-x86_64-debian-clang, r-devel-linux-x86_64-debian-gcc, r-devel-linux-x86_64-fedora-clang, r-devel-linux-x86_64-fedora-gcc, r-patched-linux-x86_64, r-patched-solaris-x86, r-release-linux-x86_64