CRAN Package Check Results for Package SIBER

Last updated on 2020-12-04 00:48:34 CET.

Flavor Version Tinstall Tcheck Ttotal Status Flags
r-devel-linux-x86_64-debian-clang 2.1.5 6.50 183.84 190.34 OK
r-devel-linux-x86_64-debian-gcc 2.1.5 5.82 129.12 134.94 OK
r-devel-linux-x86_64-fedora-clang 2.1.5 222.15 OK
r-devel-linux-x86_64-fedora-gcc 2.1.5 220.10 OK
r-devel-windows-ix86+x86_64 2.1.5 12.00 211.00 223.00 OK
r-patched-linux-x86_64 2.1.5 6.40 174.56 180.96 OK
r-patched-solaris-x86 2.1.5 281.50 OK
r-release-linux-x86_64 2.1.5 6.09 172.80 178.89 OK
r-release-macos-x86_64 2.1.5 OK
r-release-windows-ix86+x86_64 2.1.5 10.00 166.00 176.00 OK
r-oldrel-macos-x86_64 2.1.5 ERROR
r-oldrel-windows-ix86+x86_64 2.1.4 15.00 185.00 200.00 OK

Check Details

Version: 2.1.5
Check: whether package can be installed
Result: ERROR
    Installation failed.
Flavor: r-oldrel-macos-x86_64