CRAN Package Check Results for Package SE.EQ

Last updated on 2020-12-04 00:48:33 CET.

Flavor Version Tinstall Tcheck Ttotal Status Flags
r-devel-linux-x86_64-debian-clang 1.0 2.38 28.61 30.99 OK
r-devel-linux-x86_64-debian-gcc 1.0 1.92 24.30 26.22 OK
r-devel-linux-x86_64-fedora-clang 1.0 44.57 NOTE
r-devel-linux-x86_64-fedora-gcc 1.0 34.87 OK
r-devel-windows-ix86+x86_64 1.0 5.00 44.00 49.00 OK
r-patched-linux-x86_64 1.0 2.23 28.31 30.54 OK
r-patched-solaris-x86 1.0 51.60 OK
r-release-linux-x86_64 1.0 2.25 27.97 30.22 OK
r-release-macos-x86_64 1.0 OK
r-release-windows-ix86+x86_64 1.0 4.00 47.00 51.00 OK
r-oldrel-macos-x86_64 1.0 OK
r-oldrel-windows-ix86+x86_64 1.0 3.00 42.00 45.00 OK

Check Details

Version: 1.0
Check: Rd cross-references
Result: NOTE
    Undeclared packages ‘EDNE.EQ’, ‘T2EQ’ in Rd xrefs
Flavor: r-devel-linux-x86_64-fedora-clang