CRAN Package Check Results for Package SDraw

Last updated on 2020-12-04 00:48:33 CET.

Flavor Version Tinstall Tcheck Ttotal Status Flags
r-devel-linux-x86_64-debian-clang 2.1.13 16.37 269.97 286.34 OK
r-devel-linux-x86_64-debian-gcc 2.1.13 15.09 192.50 207.59 OK
r-devel-linux-x86_64-fedora-clang 2.1.13 333.22 NOTE
r-devel-linux-x86_64-fedora-gcc 2.1.13 365.03 NOTE
r-devel-windows-ix86+x86_64 2.1.13 35.00 341.00 376.00 OK
r-patched-linux-x86_64 2.1.13 12.70 250.17 262.87 OK
r-patched-solaris-x86 2.1.13 1217.50 NOTE
r-release-linux-x86_64 2.1.13 12.14 250.18 262.32 OK
r-release-macos-x86_64 2.1.13 NOTE
r-release-windows-ix86+x86_64 2.1.13 30.00 269.00 299.00 OK
r-oldrel-macos-x86_64 2.1.13 NOTE
r-oldrel-windows-ix86+x86_64 2.1.13 35.00 336.00 371.00 OK

Check Details

Version: 2.1.13
Check: dependencies in R code
Result: NOTE
    Namespace in Imports field not imported from: ‘covr’
     All declared Imports should be used.
Flavors: r-devel-linux-x86_64-fedora-clang, r-devel-linux-x86_64-fedora-gcc, r-patched-solaris-x86, r-release-macos-x86_64, r-oldrel-macos-x86_64