CRAN Package Check Results for Package SDaA

Last updated on 2020-12-04 00:48:33 CET.

Flavor Version Tinstall Tcheck Ttotal Status Flags
r-devel-linux-x86_64-debian-clang 0.1-3 2.82 32.41 35.23 NOTE
r-devel-linux-x86_64-debian-gcc 0.1-3 2.16 26.33 28.49 NOTE
r-devel-linux-x86_64-fedora-clang 0.1-3 48.15 NOTE
r-devel-linux-x86_64-fedora-gcc 0.1-3 39.15 NOTE
r-devel-windows-ix86+x86_64 0.1-3 5.00 49.00 54.00 NOTE
r-patched-linux-x86_64 0.1-3 2.49 30.53 33.02 NOTE
r-patched-solaris-x86 0.1-3 59.60 NOTE
r-release-linux-x86_64 0.1-3 2.64 31.66 34.30 NOTE
r-release-macos-x86_64 0.1-3 NOTE
r-release-windows-ix86+x86_64 0.1-3 5.00 39.00 44.00 NOTE
r-oldrel-macos-x86_64 0.1-3 NOTE
r-oldrel-windows-ix86+x86_64 0.1-3 4.00 47.00 51.00 NOTE

Check Details

Version: 0.1-3
Check: R code for possible problems
Result: NOTE
    lahiri.design: no visible global function definition for 'runif'
    Undefined global functions or variables:
     runif
    Consider adding
     importFrom("stats", "runif")
    to your NAMESPACE file.
Flavors: r-devel-linux-x86_64-debian-clang, r-devel-linux-x86_64-debian-gcc, r-devel-linux-x86_64-fedora-clang, r-devel-linux-x86_64-fedora-gcc, r-devel-windows-ix86+x86_64, r-patched-linux-x86_64, r-patched-solaris-x86, r-release-linux-x86_64, r-release-macos-x86_64, r-release-windows-ix86+x86_64, r-oldrel-macos-x86_64, r-oldrel-windows-ix86+x86_64