Last updated on 2020-12-04 00:48:33 CET.
Flavor | Version | Tinstall | Tcheck | Ttotal | Status | Flags |
---|---|---|---|---|---|---|
r-devel-linux-x86_64-debian-clang | 1.0.7 | 14.47 | 266.94 | 281.41 | OK | |
r-devel-linux-x86_64-debian-gcc | 1.0.7 | 11.21 | 205.62 | 216.83 | OK | |
r-devel-linux-x86_64-fedora-clang | 1.0.7 | 336.58 | OK | |||
r-devel-linux-x86_64-fedora-gcc | 1.0.7 | 325.09 | OK | |||
r-devel-windows-ix86+x86_64 | 1.0.7 | 29.00 | 265.00 | 294.00 | OK | |
r-patched-linux-x86_64 | 1.0.7 | 14.92 | 267.94 | 282.86 | OK | |
r-patched-solaris-x86 | 1.0.7 | 723.80 | OK | |||
r-release-linux-x86_64 | 1.0.7 | 14.19 | 262.20 | 276.39 | OK | |
r-release-macos-x86_64 | 1.0.7 | OK | ||||
r-release-windows-ix86+x86_64 | 1.0.7 | 23.00 | 204.00 | 227.00 | OK | |
r-oldrel-macos-x86_64 | 1.0.7 | ERROR | ||||
r-oldrel-windows-ix86+x86_64 | 1.0.7 | 25.00 | 254.00 | 279.00 | OK |
Version: 1.0.7
Check: package dependencies
Result: ERROR
Package required but not available: ‘dynwrap’
See section ‘The DESCRIPTION file’ in the ‘Writing R Extensions’
manual.
Flavor: r-oldrel-macos-x86_64