CRAN Package Check Results for Package SCORNET

Last updated on 2020-12-04 00:48:33 CET.

Flavor Version Tinstall Tcheck Ttotal Status Flags
r-devel-linux-x86_64-debian-clang 0.1.0 26.66 58.46 85.12 OK
r-devel-linux-x86_64-debian-gcc 0.1.0 18.23 45.66 63.89 OK
r-devel-linux-x86_64-fedora-clang 0.1.0 118.16 NOTE
r-devel-linux-x86_64-fedora-gcc 0.1.0 104.67 NOTE
r-devel-windows-ix86+x86_64 0.1.0 68.00 104.00 172.00 OK
r-patched-linux-x86_64 0.1.0 21.28 56.69 77.97 OK
r-patched-solaris-x86 0.1.0 145.40 NOTE
r-release-linux-x86_64 0.1.0 22.41 57.55 79.96 OK
r-release-macos-x86_64 0.1.0 NOTE
r-release-windows-ix86+x86_64 0.1.0 51.00 110.00 161.00 OK
r-oldrel-macos-x86_64 0.1.0 NOTE
r-oldrel-windows-ix86+x86_64 0.1.0 50.00 107.00 157.00 OK

Check Details

Version: 0.1.0
Check: dependencies in R code
Result: NOTE
    Namespace in Imports field not imported from: ‘Matrix’
     All declared Imports should be used.
Flavors: r-devel-linux-x86_64-fedora-clang, r-devel-linux-x86_64-fedora-gcc, r-patched-solaris-x86, r-release-macos-x86_64, r-oldrel-macos-x86_64