CRAN Package Check Results for Package SCEPtERbinary

Last updated on 2020-12-04 00:48:33 CET.

Flavor Version Tinstall Tcheck Ttotal Status Flags
r-devel-linux-x86_64-debian-clang 0.1-1 3.66 23.92 27.58 OK
r-devel-linux-x86_64-debian-gcc 0.1-1 2.74 20.11 22.85 OK
r-devel-linux-x86_64-fedora-clang 0.1-1 41.67 NOTE
r-devel-linux-x86_64-fedora-gcc 0.1-1 31.04 NOTE
r-devel-windows-ix86+x86_64 0.1-1 8.00 47.00 55.00 OK
r-patched-linux-x86_64 0.1-1 3.18 24.32 27.50 OK
r-patched-solaris-x86 0.1-1 48.30 OK
r-release-linux-x86_64 0.1-1 3.65 23.67 27.32 OK
r-release-macos-x86_64 0.1-1 OK
r-release-windows-ix86+x86_64 0.1-1 7.00 50.00 57.00 OK
r-oldrel-macos-x86_64 0.1-1 OK
r-oldrel-windows-ix86+x86_64 0.1-1 5.00 46.00 51.00 OK

Check Details

Version: 0.1-1
Check: compiled code
Result: NOTE
    File ‘SCEPtERbinary/libs/SCEPtERbinary.so’:
     Found no calls to: ‘R_registerRoutines’, ‘R_useDynamicSymbols’
    
    It is good practice to register native routines and to disable symbol
    search.
    
    See ‘Writing portable packages’ in the ‘Writing R Extensions’ manual.
Flavors: r-devel-linux-x86_64-fedora-clang, r-devel-linux-x86_64-fedora-gcc