CRAN Package Check Results for Package SAVER

Last updated on 2020-12-04 00:48:33 CET.

Flavor Version Tinstall Tcheck Ttotal Status Flags
r-devel-linux-x86_64-debian-clang 1.1.2 8.06 42.63 50.69 OK
r-devel-linux-x86_64-debian-gcc 1.1.2 7.28 33.35 40.63 OK
r-devel-linux-x86_64-fedora-clang 1.1.2 68.47 NOTE
r-devel-linux-x86_64-fedora-gcc 1.1.2 61.95 NOTE
r-devel-windows-ix86+x86_64 1.1.2 13.00 58.00 71.00 OK
r-patched-linux-x86_64 1.1.2 7.39 41.16 48.55 OK
r-patched-solaris-x86 1.1.2 89.70 NOTE
r-release-linux-x86_64 1.1.2 8.57 40.80 49.37 OK
r-release-macos-x86_64 1.1.2 NOTE
r-release-windows-ix86+x86_64 1.1.2 12.00 61.00 73.00 OK
r-oldrel-macos-x86_64 1.1.2 NOTE
r-oldrel-windows-ix86+x86_64 1.1.2 10.00 56.00 66.00 OK

Check Details

Version: 1.1.2
Check: dependencies in R code
Result: NOTE
    Namespace in Imports field not imported from: ‘methods’
     All declared Imports should be used.
Flavors: r-devel-linux-x86_64-fedora-clang, r-devel-linux-x86_64-fedora-gcc, r-patched-solaris-x86, r-release-macos-x86_64, r-oldrel-macos-x86_64