CRAN Package Check Results for Package SAR

Last updated on 2020-12-04 00:48:33 CET.

Flavor Version Tinstall Tcheck Ttotal Status Flags
r-devel-linux-x86_64-debian-clang 1.0.3 75.79 83.63 159.42 NOTE
r-devel-linux-x86_64-debian-gcc 1.0.3 53.75 64.07 117.82 NOTE
r-devel-linux-x86_64-fedora-clang 1.0.3 213.86 NOTE
r-devel-linux-x86_64-fedora-gcc 1.0.3 201.02 NOTE
r-devel-windows-ix86+x86_64 1.0.3 180.00 155.00 335.00 NOTE
r-patched-linux-x86_64 1.0.3 63.52 78.88 142.40 NOTE
r-patched-solaris-x86 1.0.3 222.10 NOTE
r-release-linux-x86_64 1.0.3 64.48 78.36 142.84 NOTE
r-release-macos-x86_64 1.0.3 NOTE
r-release-windows-ix86+x86_64 1.0.3 133.00 118.00 251.00 NOTE
r-oldrel-macos-x86_64 1.0.3 NOTE
r-oldrel-windows-ix86+x86_64 1.0.3 132.00 138.00 270.00 NOTE

Check Details

Version: 1.0.3
Check: for GNU extensions in Makefiles
Result: NOTE
    GNU make is a SystemRequirements.
Flavors: r-devel-linux-x86_64-debian-clang, r-devel-linux-x86_64-debian-gcc, r-devel-linux-x86_64-fedora-clang, r-devel-linux-x86_64-fedora-gcc, r-devel-windows-ix86+x86_64, r-patched-linux-x86_64, r-patched-solaris-x86, r-release-linux-x86_64, r-release-macos-x86_64, r-release-windows-ix86+x86_64, r-oldrel-macos-x86_64, r-oldrel-windows-ix86+x86_64

Version: 1.0.3
Check: dependencies in R code
Result: NOTE
    Namespaces in Imports field not imported from:
     ‘httr’ ‘jsonlite’
     All declared Imports should be used.
Flavors: r-devel-linux-x86_64-fedora-clang, r-devel-linux-x86_64-fedora-gcc, r-patched-solaris-x86, r-release-macos-x86_64, r-oldrel-macos-x86_64