Last updated on 2020-12-04 00:48:33 CET.
Flavor | Version | Tinstall | Tcheck | Ttotal | Status | Flags |
---|---|---|---|---|---|---|
r-devel-linux-x86_64-debian-clang | 1.1.1 | 105.50 | 27.44 | 132.94 | OK | |
r-devel-linux-x86_64-debian-gcc | 1.1.1 | 88.03 | 22.29 | 110.32 | OK | |
r-devel-linux-x86_64-fedora-clang | 1.1.1 | 191.87 | NOTE | |||
r-devel-linux-x86_64-fedora-gcc | 1.1.1 | 200.72 | OK | |||
r-devel-windows-ix86+x86_64 | 1.1.1 | 236.00 | 73.00 | 309.00 | OK | |
r-patched-linux-x86_64 | 1.1.1 | 99.17 | 26.15 | 125.32 | OK | |
r-patched-solaris-x86 | 1.1.1 | 177.40 | OK | |||
r-release-linux-x86_64 | 1.1.1 | 96.43 | 27.87 | 124.30 | OK | |
r-release-macos-x86_64 | 1.1.1 | NOTE | ||||
r-release-windows-ix86+x86_64 | 1.1.1 | 154.00 | 80.00 | 234.00 | OK | |
r-oldrel-macos-x86_64 | 1.1.1 | NOTE | ||||
r-oldrel-windows-ix86+x86_64 | 1.1.1 | 163.00 | 70.00 | 233.00 | OK |
Version: 1.1.1
Check: installed package size
Result: NOTE
installed size is 15.8Mb
sub-directories of 1Mb or more:
libs 15.7Mb
Flavors: r-devel-linux-x86_64-fedora-clang, r-release-macos-x86_64, r-oldrel-macos-x86_64