Last updated on 2020-12-04 00:48:33 CET.
Flavor | Version | Tinstall | Tcheck | Ttotal | Status | Flags |
---|---|---|---|---|---|---|
r-devel-linux-x86_64-debian-clang | 1.1.2.1 | 75.13 | 44.28 | 119.41 | OK | |
r-devel-linux-x86_64-debian-gcc | 1.1.2.1 | 52.31 | 37.91 | 90.22 | OK | |
r-devel-linux-x86_64-fedora-clang | 1.1.2.1 | 169.44 | NOTE | |||
r-devel-linux-x86_64-fedora-gcc | 1.1.2.1 | 158.99 | NOTE | |||
r-devel-windows-ix86+x86_64 | 1.1.2.1 | 146.00 | 109.00 | 255.00 | OK | |
r-patched-linux-x86_64 | 1.1.2.1 | 64.51 | 44.50 | 109.01 | OK | |
r-patched-solaris-x86 | 1.1.2.1 | 148.00 | OK | |||
r-release-linux-x86_64 | 1.1.2.1 | 61.95 | 44.02 | 105.97 | OK | |
r-release-macos-x86_64 | 1.1.2.1 | NOTE | ||||
r-release-windows-ix86+x86_64 | 1.1.2.1 | 108.00 | 112.00 | 220.00 | OK | |
r-oldrel-macos-x86_64 | 1.1.2.1 | NOTE | ||||
r-oldrel-windows-ix86+x86_64 | 1.1.2.1 | 112.00 | 93.00 | 205.00 | OK |
Version: 1.1.2.1
Check: installed package size
Result: NOTE
installed size is 21.1Mb
sub-directories of 1Mb or more:
libs 20.9Mb
Flavors: r-devel-linux-x86_64-fedora-clang, r-release-macos-x86_64, r-oldrel-macos-x86_64
Version: 1.1.2.1
Check: top-level files
Result: NOTE
‘cleanup’: /bin/bash is not portable
Flavors: r-devel-linux-x86_64-fedora-clang, r-devel-linux-x86_64-fedora-gcc