CRAN Package Check Results for Package SACOBRA

Last updated on 2020-12-04 00:48:33 CET.

Flavor Version Tinstall Tcheck Ttotal Status Flags
r-devel-linux-x86_64-debian-clang 1.2 11.97 82.78 94.75 OK
r-devel-linux-x86_64-debian-gcc 1.2 8.02 60.70 68.72 OK
r-devel-linux-x86_64-fedora-clang 1.2 116.27 NOTE
r-devel-linux-x86_64-fedora-gcc 1.2 117.46 NOTE
r-devel-windows-ix86+x86_64 1.2 16.00 95.00 111.00 OK
r-patched-linux-x86_64 1.2 10.18 79.65 89.83 OK
r-patched-solaris-x86 1.2 126.30 NOTE
r-release-linux-x86_64 1.2 10.19 78.29 88.48 OK
r-release-macos-x86_64 1.2 NOTE
r-release-windows-ix86+x86_64 1.2 12.00 101.00 113.00 OK
r-oldrel-macos-x86_64 1.2 NOTE
r-oldrel-windows-ix86+x86_64 1.2 11.00 95.00 106.00 OK

Check Details

Version: 1.2
Check: dependencies in R code
Result: NOTE
    Namespaces in Imports field not imported from:
     ‘R6’ ‘mgcv’
     All declared Imports should be used.
Flavors: r-devel-linux-x86_64-fedora-clang, r-devel-linux-x86_64-fedora-gcc, r-patched-solaris-x86, r-release-macos-x86_64, r-oldrel-macos-x86_64