Last updated on 2020-12-04 00:48:33 CET.
Flavor | Version | Tinstall | Tcheck | Ttotal | Status | Flags |
---|---|---|---|---|---|---|
r-devel-linux-x86_64-debian-clang | 0.4.3 | 90.21 | 104.26 | 194.47 | OK | |
r-devel-linux-x86_64-debian-gcc | 0.4.3 | 63.52 | 78.95 | 142.47 | OK | |
r-devel-linux-x86_64-fedora-clang | 0.4.3 | 289.51 | NOTE | |||
r-devel-linux-x86_64-fedora-gcc | 0.4.3 | 264.98 | OK | |||
r-devel-windows-ix86+x86_64 | 0.4.3 | 233.00 | 178.00 | 411.00 | OK | |
r-patched-linux-x86_64 | 0.4.3 | 78.68 | 101.86 | 180.54 | OK | |
r-patched-solaris-x86 | 0.4.3 | 259.80 | OK | |||
r-release-linux-x86_64 | 0.4.3 | 77.78 | 101.28 | 179.06 | OK | |
r-release-macos-x86_64 | 0.4.3 | NOTE | ||||
r-release-windows-ix86+x86_64 | 0.4.3 | 189.00 | 144.00 | 333.00 | OK | |
r-oldrel-macos-x86_64 | 0.4.3 | NOTE | ||||
r-oldrel-windows-ix86+x86_64 | 0.4.3 | 176.00 | 174.00 | 350.00 | OK |
Version: 0.4.3
Check: installed package size
Result: NOTE
installed size is 10.6Mb
sub-directories of 1Mb or more:
libs 8.6Mb
yacas 1.5Mb
Flavors: r-devel-linux-x86_64-fedora-clang, r-release-macos-x86_64, r-oldrel-macos-x86_64