CRAN Package Check Results for Package Ryacas

Last updated on 2020-12-04 00:48:33 CET.

Flavor Version Tinstall Tcheck Ttotal Status Flags
r-devel-linux-x86_64-debian-clang 1.1.3.1 113.11 103.55 216.66 OK
r-devel-linux-x86_64-debian-gcc 1.1.3.1 76.32 78.54 154.86 OK
r-devel-linux-x86_64-fedora-clang 1.1.3.1 307.55 NOTE
r-devel-linux-x86_64-fedora-gcc 1.1.3.1 281.18 OK
r-devel-windows-ix86+x86_64 1.1.3.1 272.00 188.00 460.00 NOTE
r-patched-linux-x86_64 1.1.3.1 92.69 99.80 192.49 OK
r-patched-solaris-x86 1.1.3.1 253.60 OK
r-release-linux-x86_64 1.1.3.1 93.37 99.99 193.36 OK
r-release-macos-x86_64 1.1.3.1 NOTE
r-release-windows-ix86+x86_64 1.1.3.1 219.00 150.00 369.00 NOTE
r-oldrel-macos-x86_64 1.1.3.1 NOTE
r-oldrel-windows-ix86+x86_64 1.1.3.1 226.00 198.00 424.00 NOTE

Check Details

Version: 1.1.3.1
Check: installed package size
Result: NOTE
     installed size is 11.5Mb
     sub-directories of 1Mb or more:
     libs 9.3Mb
     yacas 1.6Mb
Flavors: r-devel-linux-x86_64-fedora-clang, r-release-macos-x86_64, r-oldrel-macos-x86_64

Version: 1.1.3.1
Check: package dependencies
Result: NOTE
    Package suggested but not available for checking: 'unix'
Flavors: r-devel-windows-ix86+x86_64, r-release-windows-ix86+x86_64, r-oldrel-windows-ix86+x86_64