Last updated on 2020-12-04 00:48:33 CET.
Flavor | Version | Tinstall | Tcheck | Ttotal | Status | Flags |
---|---|---|---|---|---|---|
r-devel-linux-x86_64-debian-clang | 1.0.14 | 5.08 | 42.91 | 47.99 | OK | |
r-devel-linux-x86_64-debian-gcc | 1.0.14 | 4.12 | 34.97 | 39.09 | OK | |
r-devel-linux-x86_64-fedora-clang | 1.0.14 | 61.77 | NOTE | |||
r-devel-linux-x86_64-fedora-gcc | 1.0.14 | 55.00 | NOTE | |||
r-devel-windows-ix86+x86_64 | 1.0.14 | 9.00 | 93.00 | 102.00 | OK | |
r-patched-linux-x86_64 | 1.0.14 | 4.69 | 41.25 | 45.94 | OK | |
r-patched-solaris-x86 | 1.0.14 | 79.00 | NOTE | |||
r-release-linux-x86_64 | 1.0.14 | 4.37 | 41.54 | 45.91 | OK | |
r-release-macos-x86_64 | 1.0.14 | NOTE | ||||
r-release-windows-ix86+x86_64 | 1.0.14 | 7.00 | 81.00 | 88.00 | OK | |
r-oldrel-macos-x86_64 | 1.0.14 | NOTE | ||||
r-oldrel-windows-ix86+x86_64 | 1.0.14 | 6.00 | 89.00 | 95.00 | OK |
Version: 1.0.14
Check: dependencies in R code
Result: NOTE
Namespace in Imports field not imported from: ‘dplyr’
All declared Imports should be used.
Flavors: r-devel-linux-x86_64-fedora-clang, r-devel-linux-x86_64-fedora-gcc, r-patched-solaris-x86, r-release-macos-x86_64, r-oldrel-macos-x86_64