CRAN Package Check Results for Package RxnSim

Last updated on 2020-12-04 00:48:33 CET.

Flavor Version Tinstall Tcheck Ttotal Status Flags
r-devel-linux-x86_64-debian-clang 1.0.3 7.58 56.60 64.18 OK
r-devel-linux-x86_64-debian-gcc 1.0.3 6.51 42.47 48.98 OK
r-devel-linux-x86_64-fedora-clang 1.0.3 82.92 OK
r-devel-linux-x86_64-fedora-gcc 1.0.3 78.09 OK
r-devel-windows-ix86+x86_64 1.0.3 14.00 69.00 83.00 OK
r-patched-linux-x86_64 1.0.3 7.46 51.96 59.42 OK
r-release-linux-x86_64 1.0.3 7.02 51.84 58.86 OK
r-release-macos-x86_64 1.0.3 OK
r-release-windows-ix86+x86_64 1.0.3 12.00 75.00 87.00 OK
r-oldrel-macos-x86_64 1.0.3 OK
r-oldrel-windows-ix86+x86_64 1.0.3 5.00 8.00 13.00 ERROR

Check Details

Version: 1.0.3
Check: whether package can be installed
Result: ERROR
    Installation failed.
Flavor: r-oldrel-windows-ix86+x86_64