CRAN Package Check Results for Package Rwordseg

Last updated on 2020-12-04 00:48:33 CET.

Flavor Version Tinstall Tcheck Ttotal Status Flags
r-devel-linux-x86_64-debian-clang 0.3-2 3.83 35.33 39.16 OK
r-devel-linux-x86_64-debian-gcc 0.3-2 2.83 29.37 32.20 OK
r-devel-linux-x86_64-fedora-clang 0.3-2 52.81 NOTE
r-devel-linux-x86_64-fedora-gcc 0.3-2 46.24 NOTE
r-devel-windows-ix86+x86_64 0.3-2 6.00 49.00 55.00 OK
r-patched-linux-x86_64 0.3-2 3.81 34.18 37.99 OK
r-patched-solaris-x86 0.3-2 65.00 NOTE
r-release-linux-x86_64 0.3-2 3.69 33.65 37.34 OK
r-release-macos-x86_64 0.3-2 NOTE
r-release-windows-ix86+x86_64 0.3-2 6.00 51.00 57.00 OK
r-oldrel-macos-x86_64 0.3-2 NOTE
r-oldrel-windows-ix86+x86_64 0.3-2 5.00 49.00 54.00 OK

Check Details

Version: 0.3-2
Check: Rd cross-references
Result: NOTE
    Undeclared package ‘tm’ in Rd xrefs
Flavor: r-devel-linux-x86_64-fedora-clang

Version: 0.3-2
Check: data for non-ASCII characters
Result: NOTE
     Note: found 2016 marked UTF-8 strings
Flavors: r-devel-linux-x86_64-fedora-clang, r-devel-linux-x86_64-fedora-gcc, r-patched-solaris-x86, r-release-macos-x86_64, r-oldrel-macos-x86_64