Last updated on 2020-12-04 00:48:33 CET.
Flavor | Version | Tinstall | Tcheck | Ttotal | Status | Flags |
---|---|---|---|---|---|---|
r-devel-linux-x86_64-debian-clang | 0.19.1 | 726.31 | 44.66 | 770.97 | OK | |
r-devel-linux-x86_64-debian-gcc | 0.19.1 | 502.75 | 40.71 | 543.46 | OK | |
r-devel-linux-x86_64-fedora-clang | 0.19.1 | 1163.61 | NOTE | |||
r-devel-linux-x86_64-fedora-gcc | 0.19.1 | 1072.99 | OK | |||
r-devel-windows-ix86+x86_64 | 0.19.1 | 1633.00 | 127.00 | 1760.00 | NOTE | |
r-patched-linux-x86_64 | 0.19.1 | 589.51 | 49.34 | 638.85 | OK | |
r-patched-solaris-x86 | 0.19.1 | 827.90 | OK | |||
r-release-linux-x86_64 | 0.19.1 | 583.83 | 49.71 | 633.54 | OK | |
r-release-macos-x86_64 | 0.19.1 | NOTE | ||||
r-release-windows-ix86+x86_64 | 0.19.1 | 1179.00 | 131.00 | 1310.00 | NOTE | |
r-oldrel-macos-x86_64 | 0.19.1 | NOTE | ||||
r-oldrel-windows-ix86+x86_64 | 0.19.1 | 1220.00 | 131.00 | 1351.00 | NOTE |
Version: 0.19.1
Check: installed package size
Result: NOTE
installed size is 56.8Mb
sub-directories of 1Mb or more:
libs 56.1Mb
Flavors: r-devel-linux-x86_64-fedora-clang, r-devel-windows-ix86+x86_64, r-release-macos-x86_64, r-release-windows-ix86+x86_64, r-oldrel-macos-x86_64, r-oldrel-windows-ix86+x86_64