Last updated on 2020-12-04 00:48:33 CET.
Flavor | Version | Tinstall | Tcheck | Ttotal | Status | Flags |
---|---|---|---|---|---|---|
r-devel-linux-x86_64-debian-clang | 0.1.7.1 | 3.04 | 40.95 | 43.99 | OK | |
r-devel-linux-x86_64-debian-gcc | 0.1.7.1 | 2.75 | 32.68 | 35.43 | OK | |
r-devel-linux-x86_64-fedora-clang | 0.1.7.1 | 58.02 | OK | |||
r-devel-linux-x86_64-fedora-gcc | 0.1.7.1 | 49.66 | OK | |||
r-devel-windows-ix86+x86_64 | 0.1.7.1 | 6.00 | 56.00 | 62.00 | OK | |
r-patched-linux-x86_64 | 0.1.7.1 | 3.21 | 40.86 | 44.07 | OK | |
r-release-linux-x86_64 | 0.1.7.1 | 3.22 | 40.83 | 44.05 | OK | |
r-release-macos-x86_64 | 0.1.7.1 | OK | ||||
r-release-windows-ix86+x86_64 | 0.1.7.1 | 5.00 | 59.00 | 64.00 | OK | |
r-oldrel-macos-x86_64 | 0.1.7.1 | ERROR | ||||
r-oldrel-windows-ix86+x86_64 | 0.1.7.1 | 4.00 | 55.00 | 59.00 | OK |
Version: 0.1.7.1
Check: package dependencies
Result: ERROR
Package required but not available: ‘GMMAT’
See section ‘The DESCRIPTION file’ in the ‘Writing R Extensions’
manual.
Flavor: r-oldrel-macos-x86_64