CRAN Package Check Results for Package Rpolyhedra

Last updated on 2020-12-04 00:48:33 CET.

Flavor Version Tinstall Tcheck Ttotal Status Flags
r-devel-linux-x86_64-debian-clang 0.4.2 16.25 102.99 119.24 OK
r-devel-linux-x86_64-debian-gcc 0.4.2 14.66 79.32 93.98 OK
r-devel-linux-x86_64-fedora-clang 0.4.2 146.14 NOTE
r-devel-linux-x86_64-fedora-gcc 0.4.2 157.62 NOTE
r-devel-windows-ix86+x86_64 0.4.2 31.00 128.00 159.00 OK
r-patched-linux-x86_64 0.4.2 18.45 100.25 118.70 OK
r-patched-solaris-x86 0.4.2 189.50 WARN
r-release-linux-x86_64 0.4.2 17.45 99.77 117.22 OK
r-release-macos-x86_64 0.4.2 NOTE
r-release-windows-ix86+x86_64 0.4.2 22.00 97.00 119.00 OK
r-oldrel-macos-x86_64 0.4.2 WARN
r-oldrel-windows-ix86+x86_64 0.4.2 23.00 125.00 148.00 OK

Check Details

Version: 0.4.2
Check: dependencies in R code
Result: NOTE
    Namespaces in Imports field not imported from:
     ‘dplyr’ ‘testthat’
     All declared Imports should be used.
Flavors: r-devel-linux-x86_64-fedora-clang, r-devel-linux-x86_64-fedora-gcc, r-patched-solaris-x86, r-release-macos-x86_64, r-oldrel-macos-x86_64

Version: 0.4.2
Check: re-building of vignette outputs
Result: WARN
    Error(s) in re-building vignettes:
     ...
    --- re-building ‘Rpolyhedra.Rmd’ using rmarkdown
    Warning in engine$weave(file, quiet = quiet, encoding = enc) :
     Pandoc (>= 1.12.3) and/or pandoc-citeproc not available. Falling back to R Markdown v1.
    Loading required namespace: rmarkdown
    PhantomJS not found. You can install it with webshot::install_phantomjs(). If it is installed, please make sure the phantomjs executable can be found via the PATH variable.
    Warning in normalizePath(f2) :
     path[1]="webshot3e0a50345077.png": No such file or directory
    Warning in file(con, "rb") :
     cannot open file 'webshot3e0a50345077.png': No such file or directory
    Quitting from lines 49-88 (Rpolyhedra.Rmd)
    Error: processing vignette 'Rpolyhedra.Rmd' failed with diagnostics:
    cannot open the connection
    --- failed re-building ‘Rpolyhedra.Rmd’
    
    SUMMARY: processing the following file failed:
     ‘Rpolyhedra.Rmd’
    
    Error: Vignette re-building failed.
    Execution halted
Flavor: r-patched-solaris-x86

Version: 0.4.2
Check: whether package can be installed
Result: WARN
    Found the following significant warnings:
     Warning: 'rgl_init' failed, running with rgl.useNULL = TRUE
Flavor: r-oldrel-macos-x86_64