CRAN Package Check Results for Package RobustGaSP

Last updated on 2020-12-04 00:48:32 CET.

Flavor Version Tinstall Tcheck Ttotal Status Flags
r-devel-linux-x86_64-debian-clang 0.6.1 72.73 59.00 131.73 OK
r-devel-linux-x86_64-debian-gcc 0.6.1 60.82 42.61 103.43 OK
r-devel-linux-x86_64-fedora-clang 0.6.1 193.70 NOTE
r-devel-linux-x86_64-fedora-gcc 0.6.1 180.55 OK
r-devel-windows-ix86+x86_64 0.6.1 146.00 136.00 282.00 OK
r-patched-linux-x86_64 0.6.1 70.25 54.64 124.89 OK
r-patched-solaris-x86 0.6.1 168.00 OK
r-release-linux-x86_64 0.6.1 67.53 54.96 122.49 OK
r-release-macos-x86_64 0.6.1 NOTE
r-release-windows-ix86+x86_64 0.6.1 108.00 141.00 249.00 OK
r-oldrel-macos-x86_64 0.6.1 NOTE
r-oldrel-windows-ix86+x86_64 0.6.1 105.00 139.00 244.00 OK

Check Details

Version: 0.6.1
Check: installed package size
Result: NOTE
     installed size is 27.4Mb
     sub-directories of 1Mb or more:
     libs 26.8Mb
Flavors: r-devel-linux-x86_64-fedora-clang, r-release-macos-x86_64, r-oldrel-macos-x86_64