CRAN Package Check Results for Package RobAStRDA

Last updated on 2020-12-04 00:48:32 CET.

Flavor Version Tinstall Tcheck Ttotal Status Flags
r-devel-linux-x86_64-debian-clang 1.2.0 15.26 31.25 46.51 OK
r-devel-linux-x86_64-debian-gcc 1.2.0 15.21 27.90 43.11 OK
r-devel-linux-x86_64-fedora-clang 1.2.0 66.78 NOTE
r-devel-linux-x86_64-fedora-gcc 1.2.0 60.11 OK
r-devel-windows-ix86+x86_64 1.2.0 31.00 40.00 71.00 NOTE
r-patched-linux-x86_64 1.2.0 15.51 30.61 46.12 OK
r-patched-solaris-x86 1.2.0 100.00 NOTE
r-release-linux-x86_64 1.2.0 15.03 30.09 45.12 OK
r-release-macos-x86_64 1.2.0 NOTE
r-release-windows-ix86+x86_64 1.2.0 28.00 39.00 67.00 NOTE
r-oldrel-macos-x86_64 1.2.0 NOTE
r-oldrel-windows-ix86+x86_64 1.2.0 34.00 54.00 88.00 NOTE

Check Details

Version: 1.2.0
Check: installed package size
Result: NOTE
     installed size is 11.3Mb
     sub-directories of 1Mb or more:
     R 11.2Mb
Flavors: r-devel-linux-x86_64-fedora-clang, r-devel-windows-ix86+x86_64, r-patched-solaris-x86, r-release-macos-x86_64, r-release-windows-ix86+x86_64, r-oldrel-macos-x86_64, r-oldrel-windows-ix86+x86_64