CRAN Package Check Results for Package RoBMA

Last updated on 2020-12-04 00:48:32 CET.

Flavor Version Tinstall Tcheck Ttotal Status Flags
r-devel-linux-x86_64-debian-clang 1.1.1 39.39 207.96 247.35 OK
r-devel-linux-x86_64-debian-gcc 1.1.1 27.76 142.72 170.48 OK
r-devel-linux-x86_64-fedora-clang 1.1.1 309.05 NOTE
r-devel-linux-x86_64-fedora-gcc 1.1.1 309.66 NOTE
r-devel-windows-ix86+x86_64 1.1.1 86.00 522.00 608.00 OK
r-patched-linux-x86_64 1.1.1 33.70 218.08 251.78 OK
r-patched-solaris-x86 1.1.1 505.90 NOTE
r-release-linux-x86_64 1.1.1 34.77 217.25 252.02 OK
r-release-macos-x86_64 1.1.1 NOTE
r-release-windows-ix86+x86_64 1.1.1 64.00 474.00 538.00 OK
r-oldrel-macos-x86_64 1.1.1 ERROR
r-oldrel-windows-ix86+x86_64 1.1.1 76.00 532.00 608.00 OK

Check Details

Version: 1.1.1
Check: dependencies in R code
Result: NOTE
    Namespace in Imports field not imported from: ‘Rdpack’
     All declared Imports should be used.
Flavors: r-devel-linux-x86_64-fedora-clang, r-devel-linux-x86_64-fedora-gcc, r-patched-solaris-x86, r-release-macos-x86_64, r-oldrel-macos-x86_64

Version: 1.1.1
Check: compiled code
Result: NOTE
    File ‘RoBMA/libs/RoBMA.so’:
     Found no calls to: ‘R_registerRoutines’, ‘R_useDynamicSymbols’
    
    It is good practice to register native routines and to disable symbol
    search.
    
    See ‘Writing portable packages’ in the ‘Writing R Extensions’ manual.
Flavors: r-devel-linux-x86_64-fedora-clang, r-devel-linux-x86_64-fedora-gcc

Version: 1.1.1
Check: tests
Result: ERROR
     Running ‘testthat.R’ [138s/138s]
    Running the tests in ‘tests/testthat.R’ failed.
    Last 13 lines of output:
     Reason: On CRAN
    
     ── Skip (test-7-diagnostics.R:2:1): (code run outside of `test_that()`) ────────
     Reason: On CRAN
    
     ── Skipped tests ──────────────────────────────────────────────────────────────
     ● On CRAN (7)
    
     ══ testthat results ═══════════════════════════════════════════════════════════
     FAILURE (test-0-CRAN.R:33:3): print function
     FAILURE (test-0-CRAN.R:47:3): summary function
    
     [ FAIL 2 | WARN 0 | SKIP 7 | PASS 3 ]
     Error: Test failures
     Execution halted
Flavor: r-oldrel-macos-x86_64