Last updated on 2020-12-04 00:48:32 CET.
Flavor | Version | Tinstall | Tcheck | Ttotal | Status | Flags |
---|---|---|---|---|---|---|
r-devel-linux-x86_64-debian-clang | 0.6-9 | 7.30 | 37.25 | 44.55 | OK | |
r-devel-linux-x86_64-debian-gcc | 0.6-9 | 5.47 | 30.99 | 36.46 | OK | |
r-devel-linux-x86_64-fedora-clang | 0.6-9 | 60.91 | OK | |||
r-devel-linux-x86_64-fedora-gcc | 0.6-9 | 51.54 | OK | |||
r-devel-windows-ix86+x86_64 | 0.6-9 | 20.00 | 56.00 | 76.00 | OK | |
r-patched-linux-x86_64 | 0.6-9 | 6.86 | 36.23 | 43.09 | OK | |
r-patched-solaris-x86 | 0.6-9 | 63.30 | OK | |||
r-release-linux-x86_64 | 0.6-9 | 6.41 | 36.87 | 43.28 | OK | |
r-release-macos-x86_64 | 0.6-9 | ERROR | ||||
r-release-windows-ix86+x86_64 | 0.6-9 | 18.00 | 56.00 | 74.00 | OK | |
r-oldrel-macos-x86_64 | 0.6-9 | ERROR | ||||
r-oldrel-windows-ix86+x86_64 | 0.6-9 | 34.00 | 75.00 | 109.00 | OK |
Version: 0.6-9
Check: whether package can be installed
Result: ERROR
Installation failed.
Flavors: r-release-macos-x86_64, r-oldrel-macos-x86_64