CRAN Package Check Results for Package Rmbal

Last updated on 2020-12-04 00:48:32 CET.

Flavor Version Tinstall Tcheck Ttotal Status Flags
r-devel-linux-x86_64-debian-clang 0.1.0 17.02 150.74 167.76 OK
r-devel-linux-x86_64-debian-gcc 0.1.0 14.17 111.03 125.20 OK
r-devel-linux-x86_64-fedora-clang 0.1.0 206.35 NOTE
r-devel-linux-x86_64-fedora-gcc 0.1.0 210.82 NOTE
r-devel-windows-ix86+x86_64 0.1.0 28.00 163.00 191.00 OK
r-patched-linux-x86_64 0.1.0 15.68 136.81 152.49 OK
r-patched-solaris-x86 0.1.0 217.80 NOTE
r-release-linux-x86_64 0.1.0 16.47 138.16 154.63 OK
r-release-macos-x86_64 0.1.0 NOTE
r-release-windows-ix86+x86_64 0.1.0 22.00 128.00 150.00 OK
r-oldrel-macos-x86_64 0.1.0 NOTE
r-oldrel-windows-ix86+x86_64 0.1.0 22.00 167.00 189.00 OK

Check Details

Version: 0.1.0
Check: dependencies in R code
Result: NOTE
    Namespaces in Imports field not imported from:
     ‘Rdpack’ ‘magrittr’
     All declared Imports should be used.
Flavors: r-devel-linux-x86_64-fedora-clang, r-devel-linux-x86_64-fedora-gcc, r-patched-solaris-x86, r-release-macos-x86_64, r-oldrel-macos-x86_64