Last updated on 2020-12-04 00:48:32 CET.
Flavor | Version | Tinstall | Tcheck | Ttotal | Status | Flags |
---|---|---|---|---|---|---|
r-devel-linux-x86_64-debian-clang | 0.2-6 | 118.49 | 28.00 | 146.49 | OK | |
r-devel-linux-x86_64-debian-gcc | 0.2-6 | 77.41 | 22.56 | 99.97 | OK | |
r-devel-linux-x86_64-fedora-clang | 0.2-6 | 256.82 | NOTE | |||
r-devel-linux-x86_64-fedora-gcc | 0.2-6 | 178.86 | OK | |||
r-devel-windows-ix86+x86_64 | 0.2-6 | 316.00 | 79.00 | 395.00 | OK | |
r-patched-linux-x86_64 | 0.2-6 | 94.20 | 28.35 | 122.55 | OK | |
r-patched-solaris-x86 | 0.2-6 | 181.00 | OK | |||
r-release-linux-x86_64 | 0.2-6 | 95.98 | 27.62 | 123.60 | OK | |
r-release-macos-x86_64 | 0.2-6 | NOTE | ||||
r-release-windows-ix86+x86_64 | 0.2-6 | 257.00 | 78.00 | 335.00 | OK | |
r-oldrel-macos-x86_64 | 0.2-6 | NOTE | ||||
r-oldrel-windows-ix86+x86_64 | 0.2-6 | 241.00 | 74.00 | 315.00 | OK |
Version: 0.2-6
Check: installed package size
Result: NOTE
installed size is 8.1Mb
sub-directories of 1Mb or more:
libs 8.0Mb
Flavors: r-devel-linux-x86_64-fedora-clang, r-release-macos-x86_64, r-oldrel-macos-x86_64