CRAN Package Check Results for Package Rip46

Last updated on 2020-12-04 00:48:32 CET.

Flavor Version Tinstall Tcheck Ttotal Status Flags
r-devel-linux-x86_64-debian-clang 1.0.2 26.56 28.19 54.75 OK
r-devel-linux-x86_64-debian-gcc 1.0.2 16.68 22.92 39.60 OK
r-devel-linux-x86_64-fedora-clang 1.0.2 80.61 NOTE
r-devel-linux-x86_64-fedora-gcc 1.0.2 65.44 NOTE
r-patched-linux-x86_64 1.0.2 20.07 26.43 46.50 OK
r-patched-solaris-x86 1.0.2 77.70 OK
r-release-linux-x86_64 1.0.2 19.78 27.13 46.91 OK
r-release-macos-x86_64 1.0.2 OK
r-oldrel-macos-x86_64 1.0.2 OK

Check Details

Version: 1.0.2
Check: compiled code
Result: NOTE
    File ‘Rip46/libs/Rip46.so’:
     Found no calls to: ‘R_registerRoutines’, ‘R_useDynamicSymbols’
    
    It is good practice to register native routines and to disable symbol
    search.
    
    See ‘Writing portable packages’ in the ‘Writing R Extensions’ manual.
Flavors: r-devel-linux-x86_64-fedora-clang, r-devel-linux-x86_64-fedora-gcc