CRAN Package Check Results for Package RiemBase

Last updated on 2020-12-04 00:48:32 CET.

Flavor Version Tinstall Tcheck Ttotal Status Flags
r-devel-linux-x86_64-debian-clang 0.2.4 50.27 31.46 81.73 OK
r-devel-linux-x86_64-debian-gcc 0.2.4 38.98 25.46 64.44 OK
r-devel-linux-x86_64-fedora-clang 0.2.4 121.26 NOTE
r-devel-linux-x86_64-fedora-gcc 0.2.4 111.26 OK
r-devel-windows-ix86+x86_64 0.2.4 116.00 76.00 192.00 OK
r-patched-linux-x86_64 0.2.4 44.34 30.84 75.18 OK
r-patched-solaris-x86 0.2.4 109.30 OK
r-release-linux-x86_64 0.2.4 44.78 30.98 75.76 OK
r-release-macos-x86_64 0.2.4 NOTE
r-release-windows-ix86+x86_64 0.2.4 92.00 76.00 168.00 OK
r-oldrel-macos-x86_64 0.2.4 NOTE
r-oldrel-windows-ix86+x86_64 0.2.4 88.00 68.00 156.00 OK

Check Details

Version: 0.2.4
Check: installed package size
Result: NOTE
     installed size is 5.3Mb
     sub-directories of 1Mb or more:
     libs 5.1Mb
Flavors: r-devel-linux-x86_64-fedora-clang, r-release-macos-x86_64, r-oldrel-macos-x86_64