Last updated on 2020-12-04 00:48:32 CET.
Flavor | Version | Tinstall | Tcheck | Ttotal | Status | Flags |
---|---|---|---|---|---|---|
r-devel-linux-x86_64-debian-clang | 0.6-4 | 4.56 | 24.28 | 28.84 | OK | |
r-devel-linux-x86_64-debian-gcc | 0.6-4 | 3.61 | 19.80 | 23.41 | OK | |
r-devel-linux-x86_64-fedora-clang | 0.6-4 | 42.46 | NOTE | |||
r-devel-linux-x86_64-fedora-gcc | 0.6-4 | 32.60 | OK | |||
r-devel-windows-ix86+x86_64 | 0.6-4 | 13.00 | 49.00 | 62.00 | OK | |
r-patched-linux-x86_64 | 0.6-4 | 4.09 | 24.26 | 28.35 | OK | |
r-patched-solaris-x86 | 0.6-4 | 53.10 | OK | |||
r-release-linux-x86_64 | 0.6-4 | 4.10 | 23.53 | 27.63 | OK | |
r-release-macos-x86_64 | 0.6-4 | NOTE | ||||
r-release-windows-ix86+x86_64 | 0.6-4 | 11.00 | 48.00 | 59.00 | OK | |
r-oldrel-macos-x86_64 | 0.6-4 | NOTE | ||||
r-oldrel-windows-ix86+x86_64 | 0.6-4 | 1.00 | 5.00 | 6.00 | ERROR |
Version: 0.6-4
Check: Rd cross-references
Result: NOTE
Undeclared packages ‘lpSolve’, ‘ROI’, ‘Rsymphony’ in Rd xrefs
Flavor: r-devel-linux-x86_64-fedora-clang
Version: 0.6-4
Check: Rd cross-references
Result: NOTE
Package unavailable to check Rd xrefs: ‘Rsymphony’
Flavors: r-release-macos-x86_64, r-oldrel-macos-x86_64
Version: 0.6-4
Check: whether package can be installed
Result: ERROR
Installation failed.
Flavor: r-oldrel-windows-ix86+x86_64