CRAN Package Check Results for Package Rfast

Last updated on 2020-12-04 00:48:32 CET.

Flavor Version Tinstall Tcheck Ttotal Status Flags
r-devel-linux-x86_64-debian-clang 2.0.1 1346.99 111.25 1458.24 OK
r-devel-linux-x86_64-debian-gcc 2.0.1 881.51 85.86 967.37 OK
r-devel-linux-x86_64-fedora-clang 2.0.1 2188.19 NOTE
r-devel-linux-x86_64-fedora-gcc 2.0.1 1959.72 OK
r-devel-windows-ix86+x86_64 2.0.1 3004.00 211.00 3215.00 NOTE
r-patched-linux-x86_64 2.0.1 1045.19 103.70 1148.89 OK
r-patched-solaris-x86 2.0.1 1490.20 NOTE
r-release-linux-x86_64 2.0.1 1036.99 104.60 1141.59 OK
r-release-macos-x86_64 2.0.1 NOTE
r-release-windows-ix86+x86_64 2.0.1 2247.00 232.00 2479.00 NOTE
r-oldrel-macos-x86_64 2.0.1 NOTE
r-oldrel-windows-ix86+x86_64 2.0.1 2213.00 217.00 2430.00 NOTE

Check Details

Version: 2.0.1
Check: installed package size
Result: NOTE
     installed size is 63.0Mb
     sub-directories of 1Mb or more:
     libs 61.7Mb
Flavors: r-devel-linux-x86_64-fedora-clang, r-devel-windows-ix86+x86_64, r-patched-solaris-x86, r-release-macos-x86_64, r-release-windows-ix86+x86_64, r-oldrel-macos-x86_64, r-oldrel-windows-ix86+x86_64