CRAN Package Check Results for Package Renvlp

Last updated on 2020-12-04 00:48:31 CET.

Flavor Version Tinstall Tcheck Ttotal Status Flags
r-devel-linux-x86_64-debian-clang 2.9 12.46 114.54 127.00 OK
r-devel-linux-x86_64-debian-gcc 2.9 10.92 83.81 94.73 OK
r-devel-linux-x86_64-fedora-clang 2.9 155.91 NOTE
r-devel-linux-x86_64-fedora-gcc 2.9 159.60 OK
r-devel-windows-ix86+x86_64 2.9 22.00 129.00 151.00 OK
r-patched-linux-x86_64 2.9 11.03 108.48 119.51 OK
r-patched-solaris-x86 2.9 151.60 OK
r-release-linux-x86_64 2.9 12.06 108.14 120.20 OK
r-release-macos-x86_64 2.9 OK
r-release-windows-ix86+x86_64 2.9 16.00 137.00 153.00 OK
r-oldrel-macos-x86_64 2.9 OK
r-oldrel-windows-ix86+x86_64 2.9 15.00 126.00 141.00 OK

Check Details

Version: 2.9
Check: Rd cross-references
Result: NOTE
    Undeclared package ‘pls’ in Rd xrefs
Flavor: r-devel-linux-x86_64-fedora-clang