CRAN Package Check Results for Package ReDaMoR

Last updated on 2020-12-04 00:48:31 CET.

Flavor Version Tinstall Tcheck Ttotal Status Flags
r-devel-linux-x86_64-debian-clang 0.4.2 12.21 78.10 90.31 OK
r-devel-linux-x86_64-debian-gcc 0.4.2 9.30 60.01 69.31 OK
r-devel-linux-x86_64-fedora-clang 0.4.2 110.82 NOTE
r-devel-linux-x86_64-fedora-gcc 0.4.2 108.39 NOTE
r-devel-windows-ix86+x86_64 0.4.2 22.00 95.00 117.00 OK
r-patched-linux-x86_64 0.4.2 13.02 71.74 84.76 OK
r-patched-solaris-x86 0.4.2 132.90 WARN
r-release-linux-x86_64 0.4.2 12.09 70.76 82.85 OK
r-release-macos-x86_64 0.4.2 WARN
r-release-windows-ix86+x86_64 0.4.2 18.00 102.00 120.00 OK
r-oldrel-macos-x86_64 0.4.2 WARN
r-oldrel-windows-ix86+x86_64 0.4.2 23.00 92.00 115.00 OK

Check Details

Version: 0.4.2
Check: dependencies in R code
Result: NOTE
    Namespace in Imports field not imported from: ‘igraph’
     All declared Imports should be used.
Flavors: r-devel-linux-x86_64-fedora-clang, r-devel-linux-x86_64-fedora-gcc, r-patched-solaris-x86, r-release-macos-x86_64, r-oldrel-macos-x86_64

Version: 0.4.2
Check: re-building of vignette outputs
Result: WARN
    Error(s) in re-building vignettes:
     ...
    --- re-building ‘ReDaMoR.Rmd’ using rmarkdown
    Warning in engine$weave(file, quiet = quiet, encoding = enc) :
     Pandoc (>= 1.12.3) and/or pandoc-citeproc not available. Falling back to R Markdown v1.
    Quitting from lines 155-161 (ReDaMoR.Rmd)
    Error: processing vignette 'ReDaMoR.Rmd' failed with diagnostics:
    there is no package called 'webshot'
    --- failed re-building ‘ReDaMoR.Rmd’
    
    SUMMARY: processing the following file failed:
     ‘ReDaMoR.Rmd’
    
    Error: Vignette re-building failed.
    Execution halted
Flavor: r-patched-solaris-x86

Version: 0.4.2
Check: re-building of vignette outputs
Result: WARN
    Error(s) in re-building vignettes:
     ...
    --- re-building ‘ReDaMoR.Rmd’ using rmarkdown
    Warning in engine$weave(file, quiet = quiet, encoding = enc) :
     Pandoc (>= 1.12.3) and/or pandoc-citeproc not available. Falling back to R Markdown v1.
    Quitting from lines 155-161 (ReDaMoR.Rmd)
    Error: processing vignette 'ReDaMoR.Rmd' failed with diagnostics:
    cannot open the connection
    --- failed re-building ‘ReDaMoR.Rmd’
    
    SUMMARY: processing the following file failed:
     ‘ReDaMoR.Rmd’
    
    Error: Vignette re-building failed.
    Execution halted
Flavors: r-release-macos-x86_64, r-oldrel-macos-x86_64