CRAN Package Check Results for Package Rdimtools

Last updated on 2020-12-04 00:48:31 CET.

Flavor Version Tinstall Tcheck Ttotal Status Flags
r-devel-linux-x86_64-debian-clang 1.0.4 246.97 233.24 480.21 OK
r-devel-linux-x86_64-debian-gcc 1.0.4 183.99 176.02 360.01 OK
r-devel-linux-x86_64-fedora-clang 1.0.4 646.20 NOTE
r-devel-linux-x86_64-fedora-gcc 1.0.4 647.62 OK
r-devel-windows-ix86+x86_64 1.0.4 527.00 411.00 938.00 NOTE
r-patched-linux-x86_64 1.0.4 208.90 216.27 425.17 OK
r-patched-solaris-x86 1.0.4 593.50 OK
r-release-linux-x86_64 1.0.4 208.88 216.33 425.21 OK
r-release-macos-x86_64 1.0.4 NOTE
r-release-windows-ix86+x86_64 1.0.4 415.00 424.00 839.00 NOTE
r-oldrel-macos-x86_64 1.0.4 WARN
r-oldrel-windows-ix86+x86_64 1.0.4 422.00 386.00 808.00 NOTE

Check Details

Version: 1.0.4
Check: installed package size
Result: NOTE
     installed size is 22.5Mb
     sub-directories of 1Mb or more:
     libs 20.7Mb
Flavors: r-devel-linux-x86_64-fedora-clang, r-devel-windows-ix86+x86_64, r-release-macos-x86_64, r-release-windows-ix86+x86_64, r-oldrel-macos-x86_64, r-oldrel-windows-ix86+x86_64

Version: 1.0.4
Check: Rd cross-references
Result: NOTE
    Undeclared package ‘Rtsne’ in Rd xrefs
Flavor: r-devel-linux-x86_64-fedora-clang

Version: 1.0.4
Check: whether package can be installed
Result: WARN
    Found the following significant warnings:
     Warning: 'rgl.init' failed, running with 'rgl.useNULL = TRUE'.
Flavor: r-oldrel-macos-x86_64

Version: 1.0.4
Check: Rd files
Result: WARN
    prepare_Rd: RGL: unable to open X11 display
    prepare_Rd: 'rgl.init' failed, running with 'rgl.useNULL = TRUE'.
Flavor: r-oldrel-macos-x86_64