Last updated on 2020-12-04 00:48:31 CET.
Flavor | Version | Tinstall | Tcheck | Ttotal | Status | Flags |
---|---|---|---|---|---|---|
r-devel-linux-x86_64-debian-clang | 0.2.2 | 134.68 | 32.81 | 167.49 | OK | |
r-devel-linux-x86_64-debian-gcc | 0.2.2 | 92.29 | 25.98 | 118.27 | OK | |
r-devel-linux-x86_64-fedora-clang | 0.2.2 | 239.59 | NOTE | |||
r-devel-linux-x86_64-fedora-gcc | 0.2.2 | 221.23 | OK | |||
r-devel-windows-ix86+x86_64 | 0.2.2 | 310.00 | 78.00 | 388.00 | OK | |
r-patched-linux-x86_64 | 0.2.2 | 111.55 | 31.09 | 142.64 | OK | |
r-patched-solaris-x86 | 0.2.2 | 198.60 | OK | |||
r-release-linux-x86_64 | 0.2.2 | 107.76 | 30.80 | 138.56 | OK | |
r-release-macos-x86_64 | 0.2.2 | NOTE | ||||
r-release-windows-ix86+x86_64 | 0.2.2 | 221.00 | 105.00 | 326.00 | OK | |
r-oldrel-macos-x86_64 | 0.2.2 | NOTE | ||||
r-oldrel-windows-ix86+x86_64 | 0.2.2 | 230.00 | 79.00 | 309.00 | OK |
Version: 0.2.2
Check: installed package size
Result: NOTE
installed size is 7.1Mb
sub-directories of 1Mb or more:
libs 6.8Mb
Flavors: r-devel-linux-x86_64-fedora-clang, r-release-macos-x86_64, r-oldrel-macos-x86_64