Last updated on 2020-12-04 00:48:31 CET.
Flavor | Version | Tinstall | Tcheck | Ttotal | Status | Flags |
---|---|---|---|---|---|---|
r-devel-linux-x86_64-debian-clang | 0.4-0 | 38.18 | 158.04 | 196.22 | OK | |
r-devel-linux-x86_64-debian-gcc | 0.4-0 | 29.41 | 110.21 | 139.62 | OK | |
r-devel-linux-x86_64-fedora-clang | 0.4-0 | 257.05 | NOTE | |||
r-devel-linux-x86_64-fedora-gcc | 0.4-0 | 248.33 | OK | |||
r-devel-windows-ix86+x86_64 | 0.4-0 | 100.00 | 201.00 | 301.00 | OK | |
r-patched-linux-x86_64 | 0.4-0 | 35.06 | 144.45 | 179.51 | OK | |
r-patched-solaris-x86 | 0.4-0 | 227.10 | OK | |||
r-release-linux-x86_64 | 0.4-0 | 32.51 | 145.01 | 177.52 | OK | |
r-release-macos-x86_64 | 0.4-0 | NOTE | ||||
r-release-windows-ix86+x86_64 | 0.4-0 | 67.00 | 208.00 | 275.00 | OK | |
r-oldrel-macos-x86_64 | 0.4-0 | NOTE | ||||
r-oldrel-windows-ix86+x86_64 | 0.4-0 | 71.00 | 185.00 | 256.00 | OK |
Version: 0.4-0
Check: installed package size
Result: NOTE
installed size is 5.6Mb
sub-directories of 1Mb or more:
libs 5.1Mb
Flavors: r-devel-linux-x86_64-fedora-clang, r-release-macos-x86_64, r-oldrel-macos-x86_64