Last updated on 2020-12-04 00:48:31 CET.
Flavor | Version | Tinstall | Tcheck | Ttotal | Status | Flags |
---|---|---|---|---|---|---|
r-devel-linux-x86_64-debian-clang | 1.0.10-7 | 504.68 | 33.11 | 537.79 | OK | |
r-devel-linux-x86_64-debian-gcc | 1.0.10-7 | 308.05 | 29.09 | 337.14 | OK | |
r-devel-linux-x86_64-fedora-clang | 1.0.10-7 | 829.37 | NOTE | |||
r-devel-linux-x86_64-fedora-gcc | 1.0.10-7 | 686.58 | OK | |||
r-devel-windows-ix86+x86_64 | 1.0.10-7 | 999.00 | 83.00 | 1082.00 | NOTE | |
r-patched-linux-x86_64 | 1.0.10-7 | 381.29 | 34.61 | 415.90 | OK | |
r-patched-solaris-x86 | 1.0.10-7 | 603.10 | NOTE | |||
r-release-linux-x86_64 | 1.0.10-7 | 367.12 | 34.86 | 401.98 | OK | |
r-release-macos-x86_64 | 1.0.10-7 | WARN | ||||
r-release-windows-ix86+x86_64 | 1.0.10-7 | 725.00 | 87.00 | 812.00 | NOTE | |
r-oldrel-macos-x86_64 | 1.0.10-7 | WARN | ||||
r-oldrel-windows-ix86+x86_64 | 1.0.10-7 | 748.00 | 80.00 | 828.00 | NOTE |
Version: 1.0.10-7
Check: installed package size
Result: NOTE
installed size is 58.5Mb
sub-directories of 1Mb or more:
include 1.9Mb
lib 43.4Mb
libs 12.9Mb
Flavors: r-devel-linux-x86_64-fedora-clang, r-devel-windows-ix86+x86_64, r-patched-solaris-x86, r-release-macos-x86_64, r-release-windows-ix86+x86_64, r-oldrel-macos-x86_64, r-oldrel-windows-ix86+x86_64
Version: 1.0.10-7
Check: whether package can be installed
Result: WARN
Found the following significant warnings:
WARNING: shared objects/dynamic libraries with hard-coded temporary installation paths
Flavors: r-release-macos-x86_64, r-oldrel-macos-x86_64