CRAN Package Check Results for Package RcppClassic

Last updated on 2020-12-04 00:48:31 CET.

Flavor Version Tinstall Tcheck Ttotal Status Flags
r-devel-linux-x86_64-debian-clang 0.9.12 99.41 29.75 129.16 OK
r-devel-linux-x86_64-debian-gcc 0.9.12 52.61 25.14 77.75 OK
r-devel-linux-x86_64-fedora-clang 0.9.12 199.77 NOTE
r-devel-linux-x86_64-fedora-gcc 0.9.12 150.97 OK
r-devel-windows-ix86+x86_64 0.9.12 219.00 179.00 398.00 OK
r-patched-linux-x86_64 0.9.12 71.77 28.70 100.47 OK
r-patched-solaris-x86 0.9.12 198.00 OK
r-release-linux-x86_64 0.9.12 64.01 29.70 93.71 OK
r-release-macos-x86_64 0.9.12 WARN
r-release-windows-ix86+x86_64 0.9.12 158.00 179.00 337.00 OK
r-oldrel-macos-x86_64 0.9.12 WARN
r-oldrel-windows-ix86+x86_64 0.9.12 169.00 155.00 324.00 OK

Check Details

Version: 0.9.12
Check: installed package size
Result: NOTE
     installed size is 7.5Mb
     sub-directories of 1Mb or more:
     lib 5.4Mb
     libs 1.6Mb
Flavor: r-devel-linux-x86_64-fedora-clang

Version: 0.9.12
Check: whether package can be installed
Result: WARN
    Found the following significant warnings:
     WARNING: shared objects/dynamic libraries with hard-coded temporary installation paths
Flavors: r-release-macos-x86_64, r-oldrel-macos-x86_64