Last updated on 2020-12-04 00:48:31 CET.
Flavor | Version | Tinstall | Tcheck | Ttotal | Status | Flags |
---|---|---|---|---|---|---|
r-devel-linux-x86_64-debian-clang | 2.4.1 | 427.44 | 93.45 | 520.89 | OK | |
r-devel-linux-x86_64-debian-gcc | 2.4.1 | 266.23 | 71.11 | 337.34 | OK | |
r-devel-linux-x86_64-fedora-clang | 2.4.1 | 728.54 | NOTE | |||
r-devel-linux-x86_64-fedora-gcc | 2.4.1 | 678.71 | OK | |||
r-devel-windows-ix86+x86_64 | 2.4.1 | 881.00 | 225.00 | 1106.00 | NOTE | |
r-patched-linux-x86_64 | 2.4.1 | 320.99 | 90.26 | 411.25 | OK | |
r-patched-solaris-x86 | 2.4.1 | 517.40 | OK | |||
r-release-linux-x86_64 | 2.4.1 | 327.24 | 89.20 | 416.44 | OK | |
r-release-macos-x86_64 | 2.4.1 | NOTE | ||||
r-release-windows-ix86+x86_64 | 2.4.1 | 663.00 | 173.00 | 836.00 | NOTE | |
r-oldrel-macos-x86_64 | 2.4.1 | NOTE | ||||
r-oldrel-windows-ix86+x86_64 | 2.4.1 | 712.00 | 216.00 | 928.00 | NOTE |
Version: 2.4.1
Check: installed package size
Result: NOTE
installed size is 27.3Mb
sub-directories of 1Mb or more:
libs 26.0Mb
Flavors: r-devel-linux-x86_64-fedora-clang, r-devel-windows-ix86+x86_64, r-release-macos-x86_64, r-release-windows-ix86+x86_64, r-oldrel-macos-x86_64, r-oldrel-windows-ix86+x86_64