Last updated on 2020-12-04 00:48:31 CET.
Flavor | Version | Tinstall | Tcheck | Ttotal | Status | Flags |
---|---|---|---|---|---|---|
r-devel-linux-x86_64-debian-clang | 0.7.10 | 27.60 | 165.15 | 192.75 | NOTE | |
r-devel-linux-x86_64-debian-gcc | 0.7.10 | 23.33 | 126.18 | 149.51 | NOTE | |
r-devel-linux-x86_64-fedora-clang | 0.7.10 | 242.44 | NOTE | |||
r-devel-linux-x86_64-fedora-gcc | 0.7.10 | 232.17 | NOTE | |||
r-devel-windows-ix86+x86_64 | 0.7.10 | 47.00 | 169.00 | 216.00 | NOTE | |
r-patched-linux-x86_64 | 0.7.10 | 19.95 | 152.45 | 172.40 | NOTE | |
r-patched-solaris-x86 | 0.7.10 | 340.80 | NOTE | |||
r-release-linux-x86_64 | 0.7.10 | 19.75 | 152.87 | 172.62 | NOTE | |
r-release-macos-x86_64 | 0.7.10 | NOTE | ||||
r-release-windows-ix86+x86_64 | 0.7.10 | 37.00 | 136.00 | 173.00 | NOTE | |
r-oldrel-macos-x86_64 | 0.7.10 | NOTE | ||||
r-oldrel-windows-ix86+x86_64 | 0.7.10 | 43.00 | 161.00 | 204.00 | NOTE |
Version: 0.7.10
Check: package dependencies
Result: NOTE
Package suggested but not available for checking: 'ROpenOffice'
Flavors: r-devel-linux-x86_64-debian-clang, r-devel-linux-x86_64-debian-gcc, r-devel-linux-x86_64-fedora-clang, r-devel-linux-x86_64-fedora-gcc, r-devel-windows-ix86+x86_64, r-patched-linux-x86_64, r-patched-solaris-x86, r-release-linux-x86_64, r-release-macos-x86_64, r-release-windows-ix86+x86_64, r-oldrel-macos-x86_64, r-oldrel-windows-ix86+x86_64