CRAN Package Check Results for Package RcmdrPlugin.TeachingDemos

Last updated on 2020-12-04 00:48:31 CET.

Flavor Version Tinstall Tcheck Ttotal Status Flags
r-devel-linux-x86_64-debian-clang 1.1-0 17.09 126.76 143.85 OK
r-devel-linux-x86_64-debian-gcc 1.1-0 14.51 100.53 115.04 OK
r-devel-linux-x86_64-fedora-clang 1.2-0 116.94 OK
r-devel-linux-x86_64-fedora-gcc 1.2-0 162.61 OK
r-devel-windows-ix86+x86_64 1.1-0 38.00 148.00 186.00 OK
r-patched-linux-x86_64 1.1-0 14.30 124.10 138.40 OK
r-patched-solaris-x86 1.2-0 215.80 OK
r-release-linux-x86_64 1.1-0 13.02 123.69 136.71 OK
r-release-macos-x86_64 1.1-0 OK
r-release-windows-ix86+x86_64 1.1-0 32.00 116.00 148.00 OK
r-oldrel-macos-x86_64 1.1-0 FAIL
r-oldrel-windows-ix86+x86_64 1.1-0 34.00 137.00 171.00 OK

Check Details

Version: 1.1-0
Check: whether package can be installed
Result: WARN
    Found the following significant warnings:
     Warning: 'rgl_init' failed, running with rgl.useNULL = TRUE
     Warning: loading Rplot failed
Flavor: r-oldrel-macos-x86_64

Version: 1.1-0
Check: whether the namespace can be loaded with stated dependencies
Result: FAIL
Flavor: r-oldrel-macos-x86_64